 in base 3?
-10
What is 115 (base 8) in base 11?
70
Convert -a (base 14) to base 12.
-a
2 (base 7) to base 10
2
What is 39 (base 10) in base 3?
1110
What is -3 (base 13) in base 12?
-3
What is -7 (base 16) in base 8?
-7
Convert -1 (base 15) to base 13.
-1
9 (base 15) to base 2
1001
-33 (base 11) to base 14
-28
Convert 74 (base 9) to base 15.
47
0 (base 10) to base 12
0
Convert 47 (base 9) to base 3.
1121
What is 11 (base 7) in base 4?
20
What is -b (base 16) in base 6?
-15
Convert -112 (base 5) to base 12.
-28
Convert 1000101 (base 2) to base 3.
2120
17 (base 13) to base 14
16
What is -7 (base 10) in base 5?
-12
-3c (base 15) to base 5
-212
-2 (base 10) to base 11
-2
-5 (base 12) to base 15
-5
Convert 0 (base 8) to base 13.
0
Convert 5 (base 15) to base 6.
5
15 (base 11) to base 8
20
125 (base 8) to base 3
10011
10 (base 11) to base 14
b
-5 (base 11) to base 6
-5
What is -1010101 (base 2) in base 12?
-71
4 (base 6) to base 2
100
-1 (base 6) to base 15
-1
What is 10 (base 10) in base 15?
a
What is -1 (base 14) in base 16?
-1
32 (base 6) to base 9
22
Convert -9 (base 16) to base 6.
-13
What is -4 (base 14) in base 6?
-4
Convert -1223 (base 5) to base 13.
-116
Convert 3 (base 4) to base 2.
11
Convert 6 (base 15) to base 10.
6
What is -101 (base 3) in base 11?
-a
What is 7 (base 11) in base 16?
7
b (base 13) to base 7
14
What is -137 (base 12) in base 9?
-227
What is -15 (base 8) in base 12?
-11
Convert -1 (base 12) to base 6.
-1
What is -115 (base 7) in base 16?
-3d
What is -332 (base 4) in base 8?
-76
What is -100011 (base 2) in base 5?
-120
9 (base 11) to base 3
100
What is -102 (base 6) in base 7?
-53
Convert -5 (base 8) to base 7.
-5
Convert 1202 (base 4) to base 8.
142
2 (base 14) to base 7
2
What is 0 (base 16) in base 13?
0
What is -5 (base 10) in base 8?
-5
3 (base 16) to base 15
3
a (base 14) to base 15
a
What is 4 (base 15) in base 7?
4
What is 10 (base 4) in base 10?
4
What is 4 (base 13) in base 15?
4
What is 11022 (base 3) in base 16?
74
Convert 20 (base 10) to base 11.
19
Convert 2313 (base 4) to base 6.
503
-a (base 13) to base 2
-1010
Convert 11 (base 7) to base 2.
1000
What is -100 (base 2) in base 14?
-4
What is -29 (base 13) in base 14?
-27
What is 3 (base 13) in base 6?
3
What is 0 (base 12) in base 9?
0
103 (base 4) to base 9
21
1 (base 3) to base 7
1
3 (base 9) to base 4
3
What is 5 (base 7) in base 5?
10
123 (base 10) to base 9
146
What is 1 (base 11) in base 7?
1
1000 (base 3) to base 11
25
-1442 (base 5) to base 13
-160
Convert 2 (base 12) to base 5.
2
What is 6 (base 7) in base 16?
6
What is -100 (base 2) in base 15?
-4
-9 (base 10) to base 2
-1001
What is -11 (base 3) in base 4?
-10
What is 114 (base 5) in base 13?
28
Convert -1 (base 3) to base 14.
-1
What is 171 (base 13) in base 7?
522
What is 11 (base 2) in base 16?
3
What is -1000000 (base 2) in base 8?
-100
What is -15 (base 11) in base 14?
-12
Convert -a (base 14) to base 4.
-22
Convert -11 (base 7) to base 6.
-12
-7a (base 13) to base 3
-10202
What is 1 (base 14) in base 16?
1
343 (base 5) to base 14
70
-8 (base 15) to base 8
-10
What is -16 (base 11) in base 8?
-21
1066 (base 7) to base 16
187
What is -1 (base 12) in base 9?
-1
What is -246 (base 7) in base 12?
-b0
2 (base 7) to base 3
2
Convert -3 (base 5) to base 3.
-10
-100001 (base 2) to base 8
-41
Convert -69 (base 11) to base 2.
-1001011
1 (base 13) to base 11
1
What is -3 (base 14) in base 5?
-3
-87 (base 14) to base 9
-142
4 (base 7) to base 11
4
116 (base 9) to base 14
6c
Convert 1 (base 11) to base 10.
1
Convert -2 (base 15) to base 7.
-2
Convert 2 (base 10) to base 2.
10
What is 3 (base 5) in base 12?
3
155 (base 12) to base 5
1314
What is 10 (base 4) in base 10?
4
What is 0 (base 3) in base 10?
0
69 (base 15) to base 14
71
Convert -7 (base 11) to base 16.
-7
-16 (base 11) to base 9
-18
What is -5 (base 13) in base 9?
-5
What is 8 (base 15) in base 14?
8
What is -10 (base 2) in base 15?
-2
Convert 376 (base 8) to base 5.
2004
-21 (base 13) to base 11
-25
Convert -11101 (base 2) to base 10.
-29
1 (base 9) to base 14
1
Convert -7 (base 10) to base 15.
-7
2 (base 5) to base 9
2
-10 (base 15) to base 12
-13
What is 0 (base 6) in base 3?
0
Convert -1 (base 3) to base 9.
-1
-63 (base 10) to base 14
-47
What is -11111100 (base 2) in base 7?
-510
Convert -302 (base 4) to base 2.
-110010
What is 6 (base 11) in base 8?
6
What is 11c (base 14) in base 16?
de
What is -1222 (base 4) in base 5?
-411
112 (base 4) to base 12
1a
6 (base 16) to base 11
6
26 (base 13) to base 6
52
22 (base 14) to base 5
110
Convert -27 (base 10) to base 14.
-1d
What is -2 (base 13) in base 16?
-2
103 (base 4) to base 9
21
What is -10 (base 7) in base 2?
-111
Convert -8 (base 11) to base 15.
-8
What is -1101 (base 2) in base 10?
-13
41 (base 6) to base 4
121
What is -23 (base 8) in base 3?
-201
What is -2 (base 13) in base 6?
-2
What is -11020 (base 3) in base 6?
-310
Convert 2 (base 4) to base 11.
2
21 (base 5) to base 6
15
What is -1 (base 13) in base 6?
-1
-11 (base 4) to base 12
-5
What is -120 (base 3) in base 8?
-17
What is -3 (base 10) in base 9?
-3
Convert -2 (base 14) to base 8.
-2
What is -37 (base 14) in base 7?
-100
-123 (base 4) to base 7
-36
Convert 10212 (base 3) to base 9.
125
5 (base 13) to base 11
5
-7 (base 9) to base 14
-7
Convert -36 (base 8) to base 9.
-33
Convert -9 (base 13) to base 6.
-13
What is -5 (base 13) in base 5?
-10
What is 2 (base 11) in base 15?
2
-1 (base 2) to base 15
-1
-32 (base 7) to base 9
-25
What is 111 (base 4) in base 11?
1a
2b (base 15) to base 4
221
What is -1 (base 7) in base 16?
-1
-59 (base 13) to base 12
-62
Convert 10 (base 4) to base 6.
4
What is -11 (base 14) in base 10?
-15
Convert 21 (base 3) to base 4.
13
-2 (base 9) to base 5
-2
1111010 (base 2) to base 6
322
What is 66 (base 8) in base 6?
130
Convert 1014 (base 6) to base 13.
145
What is -1 (base 11) in base 3?
-1
1 (base 16) to base 7
1
1 (base 12) to base 4
1
3 (base 9) to base 13
3
What is -b (base 14) in base 5?
-21
What is 122 (base 5) in base 8?
45
1 (base 6) to base 14
1
What is 2 (base 14) in base 4?
2
Convert 101 (base 4) to base 5.
32
Convert 120 (base 4) to base 10.
24
What is -32 (base 12) in base 13?
-2c
-3 (base 16) to base 5
-3
Convert -18 (base 14) to base 13.
-19
Convert -132 (base 9) to base 5.
-420
Convert 29 (base 14) to base 13.
2b
What is -15 (base 16) in base 13?
-18
-52 (base 10) to base 4
-310
-14 (base 9) to base 3
-111
-2 (base 8) to base 10
-2
-4 (base 15) to base 8
-4
Convert -3 (base 9) to base 15.
-3
-22 (base 4) to base 14
-a
Convert 17 (base 15) to base 16.
16
What is -2 (base 11) in base 14?
-2
What is 6 (base 11) in base 6?
10
Convert -233 (base 4) to base 11.
-43
Convert 0 (base 16) to base 13.
0
-4 (base 6) to base 10
-4
What is -8 (base 9) in base 8?
-10
Convert -11a (base 14) to base 10.
-220
Convert 7e (base 16) to base 9.
150
What is -19 (base 15) in base 6?
-40
Convert -421 (base 7) to base 6.
-551
-9 (base 11) to base 4
-21
0 (base 14) to base 10
0
20 (base 4) to base 8
10
What is 11212 (base 3) in base 4?
2003
What is 59 (base 12) in base 5?
234
Convert 0 (base 10) to base 6.
0
11 (base 2) to base 15
3
Convert -13a (base 11) to base 2.
-10100100
What is -311 (base 7) in base 16?
-9b
Convert -212 (base 3) to base 2.
-10111
8 (base 10) to base 14
8
6 (base 16) to base 13
6
What is -16 (base 15) in base 2?
-10101
Convert -21 (base 6) to base 11.
-12
-21 (base 11) to base 3
-212
What is -b (base 12) in base 9?
-12
Convert -35 (base 12) to base 10.
-41
What is 3 (base 15) in base 5?
3
3 (base 14) to base 8
3
What is -1 (base 3) in base 10?
-1
What is -12 (base 8) in base 7?
-13
Convert 43 (base 15) to base 12.
53
Convert 20 (base 14) to base 9.
31
What is 11001 (base 2) in base 15?
1a
-1 (base 15) to base 11
-1
What is 5 (base 15) in base 12?
5
-141 (base 10) to base 15
-96
Convert 2 (base 7) to base 5.
2
Convert 0 (base 13) to base 2.
0
27 (base 12) to base 16
1f
Convert 6b (base 14) to base 15.
65
What is 2 (base 6) in base 10?
2
What is 332 (base 4) in base 16?
3e
1 (base 16) to base 2
1
35 (base 6) to base 11
21
Convert -224 (base 5) to base 16.
-40
260 (base 8) to base 12
128
Convert -cb (base 15) to base 3.
-21002
What is -3 (base 9) in base 8?
-3
-b (base 12) to base 14
-b
Conve